{"id":481,"date":"2025-07-31T10:52:37","date_gmt":"2025-07-31T10:52:37","guid":{"rendered":"https:\/\/macale.com\/eventos\/?page_id=481"},"modified":"2025-07-31T11:31:25","modified_gmt":"2025-07-31T11:31:25","slug":"o-macale","status":"publish","type":"page","link":"https:\/\/macale.com\/eventos\/o-macale\/","title":{"rendered":"o macale"},"content":{"rendered":"\t\t<div data-elementor-type=\"wp-page\" data-elementor-id=\"481\" class=\"elementor elementor-481\" data-elementor-post-type=\"page\">\n\t\t\t\t<div class=\"elementor-element elementor-element-5cf3323 e-flex e-con-boxed e-con e-parent\" data-id=\"5cf3323\" data-element_type=\"container\">\n\t\t\t\t\t<div class=\"e-con-inner\">\n\t\t\t\t<div class=\"elementor-element elementor-element-10a6ced elementor-headline--style-highlight elementor-widget elementor-widget-animated-headline\" data-id=\"10a6ced\" data-element_type=\"widget\" data-settings=\"{&quot;marker&quot;:&quot;underline&quot;,&quot;highlighted_text&quot;:&quot;Macal\\u00e9&quot;,&quot;headline_style&quot;:&quot;highlight&quot;,&quot;loop&quot;:&quot;yes&quot;,&quot;highlight_animation_duration&quot;:1200,&quot;highlight_iteration_delay&quot;:8000}\" data-widget_type=\"animated-headline.default\">\n\t\t\t\t\t\t\t<h3 class=\"elementor-headline\">\n\t\t\t\t\t<span class=\"elementor-headline-plain-text elementor-headline-text-wrapper\">Sobre o<\/span>\n\t\t\t\t<span class=\"elementor-headline-dynamic-wrapper elementor-headline-text-wrapper\">\n\t\t\t\t\t<span class=\"elementor-headline-dynamic-text elementor-headline-text-active\">Macal\u00e9<\/span>\n\t\t\t\t<\/span>\n\t\t\t\t<\/h3>\n\t\t\t\t\t\t<\/div>\n\t\t\t\t\t<\/div>\n\t\t\t\t<\/div>\n\t\t<div class=\"elementor-element elementor-element-9c655a9 e-flex e-con-boxed e-con e-parent\" data-id=\"9c655a9\" data-element_type=\"container\">\n\t\t\t\t\t<div class=\"e-con-inner\">\n\t\t<div class=\"elementor-element elementor-element-fa92bf5 e-con-full e-flex e-con e-child\" data-id=\"fa92bf5\" data-element_type=\"container\">\n\t\t\t\t<div class=\"elementor-element elementor-element-7578500 animated-slow elementor-invisible elementor-widget elementor-widget-text-editor\" data-id=\"7578500\" data-element_type=\"widget\" data-settings=\"{&quot;_animation&quot;:&quot;fadeIn&quot;}\" data-widget_type=\"text-editor.default\">\n\t\t\t\t\t\t\t\t\t<p id=\"sobre_left\">Algumas d\u00e9cadas atr\u00e1s, no meio de uma aula de fabrica\u00e7\u00e3o de queijos na C\u00e2ndido Tostes, um dos professores teve uma ideia.<\/p><p>Logo depois naquela mesma tarde, tomando um caf\u00e9 e comendo um queijo com seus colegas professores, ele decidiu lan\u00e7ar a pergunta:<\/p><p><em>\u201cO Ucurum \u00e9 brasileiro, e n\u00f3s compramos corante de Urucum importado. Isso n\u00e3o faz sentido!<strong>\u00a0Por que n\u00f3s n\u00e3o fazemos nosso pr\u00f3prio corante?<\/strong>\u201c<\/em><\/p><p>\u00a0<\/p>\t\t\t\t\t\t\t\t<\/div>\n\t\t\t\t<\/div>\n\t\t<div class=\"elementor-element elementor-element-43c6364 e-con-full e-flex e-con e-child\" data-id=\"43c6364\" data-element_type=\"container\">\n\t\t\t\t<div class=\"elementor-element elementor-element-c03f24a elementor-invisible elementor-widget elementor-widget-image\" data-id=\"c03f24a\" data-element_type=\"widget\" data-settings=\"{&quot;_animation&quot;:&quot;slideInRight&quot;}\" data-widget_type=\"image.default\">\n\t\t\t\t\t\t\t\t\t\t\t\t\t\t\t<img fetchpriority=\"high\" decoding=\"async\" width=\"800\" height=\"531\" src=\"https:\/\/macale.com\/eventos\/wp-content\/uploads\/2025\/07\/AOT_4841-scaled-1-1024x680.webp\" class=\"attachment-large size-large wp-image-488\" alt=\"\" srcset=\"https:\/\/macale.com\/eventos\/wp-content\/uploads\/2025\/07\/AOT_4841-scaled-1-1024x680.webp 1024w, https:\/\/macale.com\/eventos\/wp-content\/uploads\/2025\/07\/AOT_4841-scaled-1-300x199.webp 300w, https:\/\/macale.com\/eventos\/wp-content\/uploads\/2025\/07\/AOT_4841-scaled-1-768x510.webp 768w, https:\/\/macale.com\/eventos\/wp-content\/uploads\/2025\/07\/AOT_4841-scaled-1-1536x1020.webp 1536w, https:\/\/macale.com\/eventos\/wp-content\/uploads\/2025\/07\/AOT_4841-scaled-1.webp 1600w\" sizes=\"(max-width: 800px) 100vw, 800px\" \/>\t\t\t\t\t\t\t\t\t\t\t\t\t\t\t<\/div>\n\t\t\t\t<\/div>\n\t\t\t\t\t<\/div>\n\t\t\t\t<\/div>\n\t\t<div class=\"elementor-element elementor-element-c23a034 e-flex e-con-boxed e-con e-parent\" data-id=\"c23a034\" data-element_type=\"container\" data-settings=\"{&quot;background_background&quot;:&quot;gradient&quot;}\">\n\t\t\t\t\t<div class=\"e-con-inner\">\n\t\t<div class=\"elementor-element elementor-element-44fa192 e-con-full e-flex e-con e-child\" data-id=\"44fa192\" data-element_type=\"container\">\n\t\t\t\t<div class=\"elementor-element elementor-element-71c1be1 elementor-invisible elementor-widget elementor-widget-image\" data-id=\"71c1be1\" data-element_type=\"widget\" data-settings=\"{&quot;_animation&quot;:&quot;slideInLeft&quot;}\" data-widget_type=\"image.default\">\n\t\t\t\t\t\t\t\t\t\t\t\t\t\t\t<img decoding=\"async\" width=\"800\" height=\"600\" src=\"https:\/\/macale.com\/eventos\/wp-content\/uploads\/2025\/07\/Macale-20-scaled-1-1024x768.webp\" class=\"attachment-large size-large wp-image-492\" alt=\"\" srcset=\"https:\/\/macale.com\/eventos\/wp-content\/uploads\/2025\/07\/Macale-20-scaled-1-1024x768.webp 1024w, https:\/\/macale.com\/eventos\/wp-content\/uploads\/2025\/07\/Macale-20-scaled-1-300x225.webp 300w, https:\/\/macale.com\/eventos\/wp-content\/uploads\/2025\/07\/Macale-20-scaled-1-768x576.webp 768w, https:\/\/macale.com\/eventos\/wp-content\/uploads\/2025\/07\/Macale-20-scaled-1-1536x1152.webp 1536w, https:\/\/macale.com\/eventos\/wp-content\/uploads\/2025\/07\/Macale-20-scaled-1.webp 1600w\" sizes=\"(max-width: 800px) 100vw, 800px\" \/>\t\t\t\t\t\t\t\t\t\t\t\t\t\t\t<\/div>\n\t\t\t\t<\/div>\n\t\t<div class=\"elementor-element elementor-element-9d2fc05 e-con-full e-flex e-con e-child\" data-id=\"9d2fc05\" data-element_type=\"container\">\n\t\t\t\t<div class=\"elementor-element elementor-element-f68544e animated-slow elementor-invisible elementor-widget elementor-widget-text-editor\" data-id=\"f68544e\" data-element_type=\"widget\" data-settings=\"{&quot;_animation&quot;:&quot;fadeIn&quot;}\" data-widget_type=\"text-editor.default\">\n\t\t\t\t\t\t\t\t\t<p>\u00a0A ideia era boa, os amigos tamb\u00e9m. Todos toparam, botaram a m\u00e3o na massa e o resto \u00e9 hist\u00f3ria. Assim surgiu o Macal\u00e9, da ideia do nosso fundador Prof.\u00a0<strong>Jonas Pereira Bomtempo<\/strong>.<\/p><p>Ao longo dos anos, atrav\u00e9s de muito trabalho, crescemos e nos transformamos de uma empresa que fabricava corantes na Candinha, para vender reagentes para an\u00e1lise do leite, fermentos, coalhos, aromas e tudo mais que um laticinista pode precisar.<\/p>\t\t\t\t\t\t\t\t<\/div>\n\t\t\t\t<\/div>\n\t\t\t\t\t<\/div>\n\t\t\t\t<\/div>\n\t\t<div class=\"elementor-element elementor-element-647479f e-flex e-con-boxed e-con e-parent\" data-id=\"647479f\" data-element_type=\"container\">\n\t\t\t\t\t<div class=\"e-con-inner\">\n\t\t<div class=\"elementor-element elementor-element-97bf1b2 e-con-full e-flex e-con e-child\" data-id=\"97bf1b2\" data-element_type=\"container\">\n\t\t\t\t<div class=\"elementor-element elementor-element-613ae32 animated-slow elementor-invisible elementor-widget elementor-widget-text-editor\" data-id=\"613ae32\" data-element_type=\"widget\" data-settings=\"{&quot;_animation&quot;:&quot;fadeIn&quot;}\" data-widget_type=\"text-editor.default\">\n\t\t\t\t\t\t\t\t\t<p>Em 2002, j\u00e1 sob a dire\u00e7\u00e3o de\u00a0<strong>Luciana Bomtempo Furtado,\u00a0<\/strong>filha do Prof. Jonas, nos tornamos o distribuidor oficial da<em><strong>\u00a0Novonesis<\/strong><\/em>, empresa dinamarquesa de destaque internacional da produ\u00e7\u00e3o de insumos para alimentos.<\/p><p>Com muito trabalho, continuamos crescendo, firmamos novas parcerias com empresas de destaque como a\u00a0<em><strong>Doremus Alimentos\u00a0<\/strong><\/em>e hoje atuamos em todo o territ\u00f3rio de\u00a0<strong>MG, RJ, ES e BA\u00a0<\/strong>na venda de insumos para latic\u00ednios e no atendimento t\u00e9cnico personalizado aos nossos clientes.<\/p>\t\t\t\t\t\t\t\t<\/div>\n\t\t\t\t<\/div>\n\t\t<div class=\"elementor-element elementor-element-8daf20f e-con-full e-flex e-con e-child\" data-id=\"8daf20f\" data-element_type=\"container\">\n\t\t\t\t<div class=\"elementor-element elementor-element-b0b824b elementor-invisible elementor-widget elementor-widget-image\" data-id=\"b0b824b\" data-element_type=\"widget\" data-settings=\"{&quot;_animation&quot;:&quot;slideInRight&quot;}\" data-widget_type=\"image.default\">\n\t\t\t\t\t\t\t\t\t\t\t\t\t\t\t<img fetchpriority=\"high\" decoding=\"async\" width=\"800\" height=\"531\" src=\"https:\/\/macale.com\/eventos\/wp-content\/uploads\/2025\/07\/AOT_4841-scaled-1-1024x680.webp\" class=\"attachment-large size-large wp-image-488\" alt=\"\" srcset=\"https:\/\/macale.com\/eventos\/wp-content\/uploads\/2025\/07\/AOT_4841-scaled-1-1024x680.webp 1024w, https:\/\/macale.com\/eventos\/wp-content\/uploads\/2025\/07\/AOT_4841-scaled-1-300x199.webp 300w, https:\/\/macale.com\/eventos\/wp-content\/uploads\/2025\/07\/AOT_4841-scaled-1-768x510.webp 768w, https:\/\/macale.com\/eventos\/wp-content\/uploads\/2025\/07\/AOT_4841-scaled-1-1536x1020.webp 1536w, https:\/\/macale.com\/eventos\/wp-content\/uploads\/2025\/07\/AOT_4841-scaled-1.webp 1600w\" sizes=\"(max-width: 800px) 100vw, 800px\" \/>\t\t\t\t\t\t\t\t\t\t\t\t\t\t\t<\/div>\n\t\t\t\t<\/div>\n\t\t\t\t\t<\/div>\n\t\t\t\t<\/div>\n\t\t\t\t<\/div>\n\t\t","protected":false},"excerpt":{"rendered":"<p>Sobre o Macal\u00e9 Algumas d\u00e9cadas atr\u00e1s, no meio de uma aula de fabrica\u00e7\u00e3o de queijos na C\u00e2ndido Tostes, um dos professores teve uma ideia. Logo depois naquela mesma tarde, tomando um caf\u00e9 e comendo um queijo com seus colegas professores, ele decidiu lan\u00e7ar a pergunta: \u201cO Ucurum \u00e9 brasileiro, e n\u00f3s compramos corante de Urucum [&hellip;]<\/p>\n","protected":false},"author":1,"featured_media":0,"parent":0,"menu_order":0,"comment_status":"closed","ping_status":"closed","template":"","meta":{"footnotes":""},"class_list":["post-481","page","type-page","status-publish","hentry"],"_links":{"self":[{"href":"https:\/\/macale.com\/eventos\/wp-json\/wp\/v2\/pages\/481","targetHints":{"allow":["GET"]}}],"collection":[{"href":"https:\/\/macale.com\/eventos\/wp-json\/wp\/v2\/pages"}],"about":[{"href":"https:\/\/macale.com\/eventos\/wp-json\/wp\/v2\/types\/page"}],"author":[{"embeddable":true,"href":"https:\/\/macale.com\/eventos\/wp-json\/wp\/v2\/users\/1"}],"replies":[{"embeddable":true,"href":"https:\/\/macale.com\/eventos\/wp-json\/wp\/v2\/comments?post=481"}],"version-history":[{"count":25,"href":"https:\/\/macale.com\/eventos\/wp-json\/wp\/v2\/pages\/481\/revisions"}],"predecessor-version":[{"id":510,"href":"https:\/\/macale.com\/eventos\/wp-json\/wp\/v2\/pages\/481\/revisions\/510"}],"wp:attachment":[{"href":"https:\/\/macale.com\/eventos\/wp-json\/wp\/v2\/media?parent=481"}],"curies":[{"name":"wp","href":"https:\/\/api.w.org\/{rel}","templated":true}]}}